+ 1114. Calculate d(8).
106
Let v(y) = -126*y - 4519. Give v(-36).
17
Let t(y) = y**2 + 64*y - 354. What is t(6)?
66
Let i(r) = 2836*r + 73743. Calculate i(-26).
7
Let z(y) = 17*y + 113. Determine z(4).
181
Let l(c) = 29*c + 307. Determine l(-10).
17
Let a(d) = -d**3 + 64*d**2 - 121*d - 186. What is a(62)?
0
Let d(o) = 3*o + 59. Give d(-23).
-10
Let x(c) = 21*c - 366. Determine x(18).
12
Let n(u) = 323*u - 3073. Determine n(9).
-166
Let i(w) = -3*w**2 - 27*w + 109. Give i(-13).
-47
Let t(c) = -2*c**3 - 20*c**2 - 14*c - 133. What is t(-10)?
7
Let v(j) = 2*j**3 + j**2 - 15*j + 43. What is v(5)?
243
Let w(d) = -42*d**2 + 295*d - 35. Give w(8).
-363
Let d(l) = 2*l**2 - 127*l - 453. What is d(67)?
16
Let f(s) = 3*s**2 - 235*s - 632. What is f(81)?
16
Let g(x) = -92*x + 4012. What is g(41)?
240
Let k(g) = -g**3 - 44*g**2 - 257*g - 78. Give k(-37).
-152
Let s(q) = 2*q**3 - 123*q**2 + 57*q - 122. What is s(61)?
-366
Let n(v) = -7*v**2 + 198*v - 1207. Determine n(7).
-164
Let n(q) = q**2 + 24*q - 385. Calculate n(11).
0
Let d(i) = 3*i**3 - 43*i**2 - 77*i - 41. Give d(16).
7
Let i(a) = 4*a**3 - 16*a**2 + 8*a - 8. Determine i(6).
328
Let x(q) = 2*q**3 - 26*q**2 - 2*q + 289. Calculate x(12).
-23
Let r(b) = -b**2 + 693*b - 4803. Determine r(7).
-1
Let v(w) = 7*w**3 - 371*w**2 - 4*w - 60. Give v(53).
-272
Let w(b) = -b**3 + 49*b**2 + 7*b - 331. Give w(49).
12
Let k(v) = -69*v - 485. What is k(-4)?
-209
Let f(c) = c**3 + 13*c**2 + 27*c + 19. Give f(-11).
-36
Let c(m) = 13*m**2 + 47*m - 10. What is c(-7)?
298
Let f(k) = k**2 - 254*k - 1494. Give f(-6).
66
Let g(v) = 11*v - 321. What is g(30)?
9
Let l(i) = i**2 - 4*i - 600. Give l(-23).
21
Let y(j) = 32*j**2 + 829*j + 79. Calculate y(-26).
157
Let v(k) = -144*k + 62. Calculate v(3).
-370
Let q(g) = g**2 - 13. Determine q(4).
3
Let k(y) = 3*y**3 - 10*y**2 + 24*y - 42. What is k(3)?
21
Let m(w) = -3*w**3 + 5*w**2 - 17*w + 17. Determine m(2).
-21
Let n(c) = -3*c**2 + 49*c - 453. Calculate n(10).
-263
Let o(b) = b**3 - 19*b**2 + 414. Calculate o(18).
90
Let h(k) = -k**2 + 3*k + 19. What is h(-6)?
-35
Let s(q) = -q**2 - 73*q - 691. Give s(-11).
-9
Let p(u) = -u**3 + 115*u**2 - 551*u + 90. What is p(110)?
-20
Let k(q) = -8*q + 402. Give k(32).
146
Let d(k) = 5*k**3 - 141*k**2 - 17*k + 1254. Give d(28).
-6
Let l(k) = 23*k**2 - 40*k - 85. Determine l(-2).
87
Let s(y) = y**3 + 32*y**2 - 25*y + 138. Calculate s(-33).
-126
Let i(t) = 7*t**2 - 1414*t + 14. Determine i(202).
14
Let k(v) = -2*v**3 - 177*v**2 + 283*v + 1181. Determine k(-90).
11
Let b(l) = 6*l + 79. What is b(-11)?
13
Let u(z) = 8*z**2 + 3285*z - 3285. What is u(1)?
8
Let g(r) = 1146*r + 3445. Give g(-3).
7
Let w(n) = 11*n**3 - 42*n**2 + 26*n. Determine w(3).
-3
Let a(g) = 262*g + 6014. Determine a(-23).
-12
Let j(g) = 26*g + 409. What is j(-15)?
19
Let m(r) = 47*r - 138. Give m(4).
50
Let w(n) = n**2 - 133*n + 1076. What is w(8)?
76
Let s(n) = n**3 + 73*n**2 - 397*n + 2. Determine s(5).
-33
Let n(x) = -x**3 + 36*x**2 - 320*x + 6. Give n(16).
6
Let u(o) = 14933*o - 29864. Calculate u(2).
2
Let o(u) = -13*u - 372. What is o(-29)?
5
Let f(t) = -12*t**2 - 1043*t + 90. Determine f(-87).
3
Let d(p) = 200*p + 503. Determine d(0).
503
Let t(a) = -66*a - 198. Calculate t(-8).
330
Let j(h) = -h**3 - 6*h**2 - 40*h - 85. What is j(-3)?
8
Let q(w) = -w**3 - 4*w**2 + 20*w + 11. Determine q(-8).
107
Let m(k) = 4*k**3 + 12*k**2 + 48*k + 137. Give m(-3).
-7
Let l(x) = -54*x + 478. What is l(9)?
-8
Let x(c) = -71*c + 2694. Give x(40).
-146
Let z(s) = s**3 + 3*s**2 + s - 3. What is z(-2)?
-1
Let k(q) = 313*q - 341. What is k(2)?
285
Let u(o) = 3*o + 134. Give u(-38).
20
Let l(a) = a**3 + 9*a**2 - 27*a - 273. Give l(-8).
7
Let w(l) = l**2 - 14*l - 575. Determine w(32).
1
Let v(x) = -3*x**2 - 248*x + 1026. Calculate v(4).
-14
Let i(d) = -2*d**3 - 4*d**2 + 15*d + 4. Calculate i(3).
-41
Let q(h) = -h**2 - 400*h - 3095. Calculate q(-8).
41
Let i(y) = y**3 - 32*y**2 + 131*y - 171. Give i(27).
-279
Let m(f) = f**3 + 28*f**2 + 38*f - 29. What is m(-26)?
335
Let o(k) = -2*k**2 + 62*k - 91. What is o(29)?
25
Let t(y) = -2*y**2 - 99*y - 1165. Give t(-30).
5
Let d(q) = q**2 - 64*q + 340. Give d(58).
-8
Let a(l) = -2*l - 28. Determine a(-34).
40
Let y(q) = -q**3 - 7*q**2 + 45*q - 24. Calculate y(3).
21
Let a(z) = z**3 - 51*z**2 - 13*z + 671. Determine a(51).
8
Let d(o) = 12*o - 52. Give d(5).
8
Let d(j) = 2*j**3 + 27*j**2 - 19*j - 88. Determine d(-14).
-18
Let n(l) = -33*l + 510. Give n(14).
48
Let f(j) = 13*j + 355. Determine f(0).
355
Let m(f) = f**3 - 4*f**2 + 21*f - 75. Calculate m(8).
349
Let z(p) = -104*p + 320. Determine z(4).
-96
Let i(v) = -792*v + 2325. Calculate i(3).
-51
Let n(x) = -x**3 - 134*x**2 - 1463*x + 115. Give n(-122).
-7
Let l(p) = p**3 - 23*p**2 - 84*p + 143. Determine l(26).
-13
Let w(r) = 45*r - 4. What is w(7)?
311
Let g(c) = c**2 + 45*c + 324. Determine g(-37).
28
Let w(b) = 10*b**3 - 3*b**2 + 10*b + 44. Give w(-3).
-283
Let u(c) = -c - 791. Calculate u(36).
-827
Let i(y) = -44*y + 101. What is i(1)?
57
Let y(o) = 6033*o + 48254. Give y(-8).
-10
Let k(d) = 154*d + 3079. Calculate k(-20).
-1
Let h(l) = -l**2 + 57*l - 55. Calculate h(47).
415
Let z(m) = -5*m**2 - 75*m - 6. Calculate z(-15).
-6
Let f(o) = -18*o - 231. Determine f(-21).
147
Let i(v) = 12*v**2 + 327*v - 29. Give i(-27).
-110
Let u(d) = d**2 + 42*d + 86. Calculate u(-39).
-31
Let j(y) = -y**2 + 38*y + 16470. Calculate j(149).
-69
Let y(d) = d**3 - 13*d**2 - 55*d + 382. Determine y(15).
7
Let g(z) = 2*z**3 + 41*z**2 + 15*z + 755. Give g(-21).
-1
Let w(v) = 6116*v - 146782. Determine w(24).
2
Let k(f) = 17*f - 7. Determine k(-11).
-194
Let t(h) = -2*h**3 - 37*h**2 - 167*h + 5. Determine t(-10).
-25
Let g(o) = -35*o**3 + 4*o**2 + 12*o + 4. Give g(-2).
276
Let b(f) = f**2 - 9*f + 24. Determine b(15).
114
Let v(l) = 306*l + 875. Calculate v(-3).
-43
Let t(i) = -7*i + 8. Give t(4).
-20
Let y(r) = r**3 + 33*r**2 + 241*r - 31. Calculate y(-22).
-9
Let p(o) = -24*o**3 - o**2 - 18*o - 15. Calculate p(-1).
26
Let k(t) = -t**3 - 4*t**2 + 8*t - 36. Calculate k(-6).
-12
Let w(o) = 43*o + 949. What is w(-22)?
3
Let v(o) = -o**2 + 128*o - 1707. What is v(113)?
-12
Let p(w) = -60113*w + 300556. Give p(5).
-9
Let d(q) = 4*q**2 + 228*q - 74. What is d(-57)?
-74
Let m(q) = -3*q + 224. Calculate m(70).
14
Let w(f) = f**2 + 10*f + 13. Determine w(-7).
-8
Let k(m) = 6*m**3 + 72*m**2 + m - 14. Determine k(-12).
-26
Let w(g) = -g**3 + 3*g**2 + 13*g - 3. Determine w(7).
-108
Let a(d) = 131*d - 175. Determine a(0).
-175
Let z(h) = h**2 - 12*h - 4323. What is z(-60)?
-3
Let a(y) = 550*y - 4977. What is a(9)?
-27
Let l(k) = k**2 + 86*k + 845. Give l(-12).
-43
Let a(k) = k**3 + 240*k**2 - 483*k + 256. Determine a(-242).
14
Let v(y) = 92*y + 1745. Give v(-19).
-3
Let c(k) = -2*k**3 + 6*k**2 + 116*k - 339. Give c(3).
9
Let r(c) = -473*c - 6163. Give r(-13).
-14
Let w(u) = -2*u**3 + 56*u**2 - 66*u + 304. Give w(27).
-20
Let f(o) = -2*o**3 - 31*o**2 - 68*o - 47. Determine f(-13).
-8
Let b(m) = -30*m + 245. Give b(9).
-25
Let l(f) = f**3 + 15*f**2 - 12*f - 338. What is l(-13)?
156
Let m(p) = -9*p**2 - 83*p + 13. Give m(-9).
31
Let l(q) = 223*q + 3340. What is l(-15)?
-5
Let y(v) = -v**2 + 83*v - 1483. Calculate y(24).
-67
Let q(k) = -3*k**2 - 458*k + 1554. What is q(-156)?
-6
Let j(w) = -5393*w - 5327. Determine j(-1).
66
Let q(g) = 1192*g + 10712. Calculate q(-9).
-16
Let y(j) = -j**3 - 7*j**2 + 756*j + 3842. Determine y(-5).
12
Let x(k) = 10*k + 148. Calculate x(-31).
-162
Let h(s) = -5*s**2 - 6*s + 21. Calculate h(5).
-134
Let c(t) = 233*t - 17. Determine c(0).
-17
Let x(h) = h**3 + 9*h**2 - 19*h + 17. What is x(-11)?
-16
Let u(b) = 31*b**2 - 260*b + 100. Give u(8).
4
Let s(c) = -4*c + 75. What is s(16)?
11
Let a(t) = -64*t**2 - 78*t - 157. What is a(-2)?
-257
Let s(z) = z**3 + 27*z**2 + 33*z + 56. Give s(-26).
-126
Let v(b) = -46*b**2 + 84*b + 4. What is v(2)?
-12
Let p(d) = 54*d + 228. Calculate p(-9).
-258
Let d(i) = -209*i + 809. Determine d(4).
-27
Let h(w) = 7*w + 12. Determine h(10).
82
Let f(i) = -11*i - 103. Determine f(43).
-576
Let k(m) = 5*m**2 - 108*m + 556. Give k(13).
-3
Let b(p) = -3*p**2 + 278*p - 1059. Give b(4).
5
Let i(w) = 54*w**3 + 4*w**2 - 5*w. Determine i(1).
53
Let r(y) = -37*y**2 - 80*y - 86. Give r(-1